-4
Let h(n) = 8*n + 23. Calculate h(-4).
-9
Let v(q) = 6*q**3 - 4*q**2 + 2*q - 1. What is v(1)?
3
Let r(v) = -v**3 + 2*v + 13. Calculate r(0).
13
Let x(n) = -n**2 + 25*n - 159. Give x(8).
-23
Let n(t) = 16*t + 466. What is n(-29)?
2
Let q(b) = -98*b - 582. Give q(-6).
6
Let s(f) = f**2 + 15*f + 30. Calculate s(-12).
-6
Let g(x) = -x**2 - 9*x - 7. What is g(0)?
-7
Let n(f) = -3*f**2 + 17*f - 14. Give n(4).
6
Let r(t) = t**3 + 9*t**2 + 8*t + 2. Give r(-8).
2
Let s(p) = -3*p**2 + p - 2. Calculate s(2).
-12
Let j(l) = l**3 + 5*l**2 + 5*l + 2. Give j(-6).
-64
Let m(b) = -4*b - 27. Determine m(-9).
9
Let q(y) = y**2 - 12*y + 56. Give q(9).
29
Let s(u) = -u + 1. What is s(4)?
-3
Let i(m) = 4*m**2 - 18*m + 16. Calculate i(5).
26
Let i(a) = -a**3 + 11*a**2 + 2*a - 5. What is i(11)?
17
Let f(t) = 2*t**2 - 11*t + 15. Determine f(6).
21
Let x(n) = n - 11. Give x(8).
-3
Let i(r) = -7*r + 5. Give i(4).
-23
Let d(a) = -a**3 - 7*a**2 + 5*a - 8. Calculate d(-7).
-43
Let z(k) = -3*k**2 + 14*k - 2. What is z(5)?
-7
Let b(m) = 57*m - 6. Calculate b(-1).
-63
Let p(d) = -5*d + 62. Determine p(7).
27
Let t(v) = -v**2 + 20*v + 53. What is t(26)?
-103
Let o(l) = 7*l - 9. Determine o(-6).
-51
Let w(c) = -97*c - 79. Give w(-1).
18
Let f(m) = -m**2 - 6*m + 1. What is f(-5)?
6
Let t(x) = 6*x**2 + 6*x. Calculate t(-4).
72
Let s(o) = -7*o + 60. What is s(10)?
-10
Let k(f) = 17*f + 137. Give k(-7).
18
Let l(f) = -f**3 - 8*f**2 - 14*f - 1. Determine l(-6).
11
Let n(u) = 2*u - 1. What is n(-7)?
-15
Let i(t) = t**3 - 12*t**2 + 29*t - 89. Calculate i(10).
1
Let o(l) = -l**3 - 2*l**2 + l - 5. Calculate o(-4).
23
Let l(w) = w**2 - 18*w + 28. Calculate l(16).
-4
Let b(a) = a**2 - 14*a + 12. Calculate b(13).
-1
Let s(a) = -a**3 - 8*a**2 - 9*a - 6. Give s(-6).
-24
Let c(v) = 14*v + 95. What is c(-13)?
-87
Let t(v) = 17*v + 6. What is t(-5)?
-79
Let x(z) = -14*z - 396. Give x(-29).
10
Let g(z) = z**3 + 3*z**2 - 9*z + 2. What is g(2)?
4
Let o(h) = 16*h - 3. What is o(-1)?
-19
Let i(h) = -h**2 + 12*h - 11. Give i(10).
9
Let q(s) = s**2 + 4*s + 16. Give q(-5).
21
Let z(q) = -q**3 + 4*q**2 + 7*q - 3. Determine z(5).
7
Let g(z) = -40*z + 8. What is g(-1)?
48
Let x(a) = -a**2 - 7*a + 173. Calculate x(10).
3
Let t(p) = -p**3 - 36*p**2 - 92*p + 237. Calculate t(-33).
6
Let s(i) = -18*i + 38. What is s(2)?
2
Let v(m) = m**3 + 8*m**2 + 10*m + 9. What is v(-6)?
21
Let n(x) = -x**3 + 9*x**2 - 6. Give n(9).
-6
Let u(v) = v**2 - 9*v + 21. Determine u(11).
43
Let s(x) = x**2 + 18*x + 57. Give s(-15).
12
Let z(c) = -3*c**2 - 111*c + 4. Give z(-37).
4
Let t(p) = -p**3 + 8*p**2 - 9*p - 6. Give t(7).
-20
Let q(g) = -g**3 - 6*g**2 + 2*g - 2. Determine q(-6).
-14
Let i(z) = -3*z**2 - z - 1. Calculate i(-4).
-45
Let s(t) = 14*t + 23. Calculate s(-5).
-47
Let c(u) = u**3 + 13*u**2 - 6*u - 18. Give c(-13).
60
Let t(b) = -6*b - 84. What is t(-14)?
0
Let n(w) = -w**3 - 6*w**2 - 8*w - 7. What is n(-5)?
8
Let m(t) = 24*t - 1. Calculate m(2).
47
Let t(o) = 4*o + 14. Give t(-4).
-2
Let t(m) = m**2 - 9*m + 5. What is t(11)?
27
Let p(r) = -r**3 + 14*r**2 + 14*r + 30. Determine p(15).
15
Let x(y) = -9*y - 30. Calculate x(-5).
15
Let t(x) = -6*x**3 - 7*x**2 - 9. Give t(-3).
90
Let j(o) = o - 8. Calculate j(8).
0
Let o(m) = 22*m + 4. Calculate o(-7).
-150
Let v(y) = -y**3 - 9*y**2 - 12. Determine v(-9).
-12
Let w(k) = k**2 + 10*k - 10. Determine w(-11).
1
Let k(c) = c**2 + 40*c + 252. Calculate k(-8).
-4
Let k(u) = u**3 + 5*u**2 - 6*u + 14. Give k(-6).
14
Let c(t) = t**3 - 5*t**2 - 2*t - 5. Determine c(6).
19
Let l(r) = -r**3 - 7*r**2 - 2*r - 22. What is l(-7)?
-8
Let p(j) = 2*j**2 - 2*j + 5. Calculate p(0).
5
Let t(r) = r**2 + 10*r + 2. Calculate t(-4).
-22
Let a(h) = -h**3 + 3*h**2 + 6*h + 7. Determine a(5).
-13
Let g(m) = 2*m**3 - 39*m**2 + 18*m + 25. What is g(19)?
6
Let h(k) = -k**3 - 2*k**2 + 5*k - 4. What is h(-4)?
8
Let a(q) = q**3 + 14*q**2 + 14*q + 6. Determine a(-13).
-7
Let a(p) = p**3 - 8*p**2 + 2*p - 14. Calculate a(8).
2
Let t(k) = -18*k**2 + 3*k - 1. Determine t(1).
-16
Let c(u) = u**3 - 11*u**2 + u - 4. Give c(11).
7
Let a(n) = n**2. Calculate a(1).
1
Let o(x) = 10*x + 9. Give o(-1).
-1
Let f(j) = -j**3 + 35*j**2 - 32*j - 90. Give f(34).
-22
Let h(r) = 3*r**2 - 9*r - 5. Calculate h(7).
79
Let n(s) = -s**3 + 3*s - 21. Calculate n(0).
-21
Let p(o) = -o**3 - 17*o**2 - 3*o - 59. Give p(-17).
-8
Let c(q) = -q**3 - 7*q**2 + 12*q - 9. Calculate c(-9).
45
Let s(n) = 48*n**2 + 10*n - 17. Calculate s(2).
195
Let y(u) = 9*u - 59. Calculate y(7).
4
Let y(v) = -5*v**3 + 2*v - 3. Determine y(2).
-39
Let q(z) = z**3 + 18*z**2 - 37*z + 48. Calculate q(-20).
-12
Let t(v) = -v - 16. Determine t(-4).
-12
Let p(a) = 2*a**2 - 6*a - 1. What is p(5)?
19
Let h(j) = 2*j**2 + 13*j + 24. Calculate h(-2).
6
Let d(c) = -c**3 + 8*c**2 - 6. What is d(8)?
-6
Let a(x) = 4*x + 4. Determine a(-2).
-4
Let b(y) = -8*y**2 + 6*y + 23. Calculate b(-3).
-67
Let a(i) = -i - 8. Determine a(-11).
3
Let o(w) = 20*w**2 - 3*w + 2. Calculate o(1).
19
Let v(s) = -s - 1. Calculate v(-6).
5
Let z(i) = 26*i - 27. Give z(-1).
-53
Let w(i) = 5*i**3 + 4*i**2 - 3*i + 1. Calculate w(2).
51
Let u(b) = b**3 - 8*b**2 + 3*b + 4. Determine u(8).
28
Let m(p) = -31*p - 389. Calculate m(-12).
-17
Let w(x) = -2*x**2 + 12*x + 9. What is w(6)?
9
Let l(a) = a**2 + 4*a + 2. Calculate l(-3).
-1
Let b(v) = v**2 + 8*v - 12. What is b(-8)?
-12
Let g(s) = -s**3 + 13*s**2 - s + 15. Determine g(13).
2
Let n(w) = -w**3 - 8*w**2 - 11. Calculate n(-8).
-11
Let h(q) = q**3 - 13*q**2 + 12*q + 12. Calculate h(12).
12
Let y(q) = q**2 + q - 7. What is y(-4)?
5
Let v(n) = n**3 + 5*n**2 - 2*n - 14. Give v(-6).
-38
Let r(g) = -5*g**3 + 4*g**2 + 3*g + 1. Give r(-1).
7
Let z(k) = -14*k + 187. What is z(14)?
-9
Let q(n) = -14*n - 1. Calculate q(3).
-43
Let k(i) = i**2 - 6*i - 27. Calculate k(9).
0
Let j(k) = k**3 - 10*k**2 + k - 3. Calculate j(10).
7
Let q(n) = -35*n + 1. Determine q(1).
-34
Let t(k) = -k - 4. Determine t(-6).
2
Let f(a) = -a - 3. Give f(-10).
7
Let h(g) = g - 9. Give h(-11).
-20
Let i(n) = -10*n + 226. Determine i(23).
-4
Let j(d) = -d**3 - 4*d**2 + 12*d + 8. Give j(-6).
8
Let j(m) = -2*m**2 - 2*m - 28. Calculate j(7).
-140
Let h(p) = -p**2 - 39*p + 77. Calculate h(2).
-5
Let k(n) = -10*n + 24. Give k(4).
-16
Let i(z) = z**3 - 4*z**2 + 3*z. Calculate i(3).
0
Let y(n) = n**3 - 5*n**2 - 7*n + 12. What is y(6)?
6
Let l(u) = u**3 + 4*u**2 - 5*u + 12. Determine l(-5).
12
Let s(g) = 3*g + 102. Give s(-14).
60
Let o(d) = -11*d - 8. Calculate o(-4).
36
Let g(x) = -x**2 - 5*x - 3. Calculate g(-5).
-3
Let m(b) = -40*b - 15. Give m(-3).
105
Let u(p) = p**3 + 8*p**2 + 32*p + 175. Calculate u(-7).
0
Let j(u) = -u**3 - 2*u**2 - 4*u - 3. What is j(-3)?
18
Let i(v) = -v + 16. Determine i(20).
-4
Let x(f) = f**2 - 14*f + 20. Give x(11).
-13
Let w(s) = -s**2 + 11*s - 11. Calculate w(10).
-1
Let z(w) = 2*w**2 - 47*w + 172. Give z(19).
1
Let g(y) = -y**2 + 6*y + 22. Determine g(9).
-5
Let o(f) = -22*f**2 - 2*f - 1. Determine o(-1).
-21
Let t(y) = y + 2. Determine t(4).
6
Let c(v) = 8*v**2 + 10*v - 24. Determine c(4).
144
Let n(h) = -6*h**2 + 104*h - 30. Determine n(17).
4
Let h(l) = l**3 - 10*l**2 + 10*l. What is h(9)?
9
Let w(k) = 8*k - 9. Give w(3).
15
Let n(x) = -8*x - 436. Determine n(-55).
4
Let y(p) = -2*p - 5. What is y(6)?
-17
Let m(q) = 19*q. What is m(1)?
19
Let l(p) = -9*p + 218. What is l(25)?
-7
Let o(v) = 20*v - 16. What is o(1)?
4
Let p(u) = -u**3 + 5*u**2 - 8*u - 9. What is p(5)?
-49
Let r(q) = -6*q**2 - 3*q - 3. Give r(-2).
-21
Let x(c) = 12*c - 55. Determine x(6).
17
Let s(u) = -2*u**3 - 8*u**2 + 12*u + 6. Determine s(-5).
-4
Let o(y) = -y**2 - 2*y + 4. Calculate o(-6).
-20
Let f(y) = -16*y - 368. Determine f(-23).
0
Let g(f) = 7*f + 7. Determine g(-8).
-49
Let w(v) = v**3 + 28*v**2 - 23*v + 178. Calculate w(-29).
4
Let x(n) = -n**2 + 7*n + 16. Determine x(9).
-2
Let o(u) = 17*u. Calculate o(1).
17
Let q(v) = -15*v + 120. Calculate q(14).
-90
Let a(y) = 12*y - 10. Determine a(2).
14
Let j(c) = -22*c - 118. Give j(-5).
-8
Let p(w) = w**3 + 6*w**2 + 11*w + 6. Determine p(-7).
-120
Let h(v) = -v**3 - 4*v**2 + 4*v + 6. What is h(-5)?
11
Let y(z) = -z**3 + 13*z**2 - 6*z + 10. Give y(12).
82
Let t(v) = -11*v - 21. Determine t(-13).
122
Let u(q) = 6*q - 144. Give u(20).
-24
Let